{"id":79,"date":"2015-08-06T15:01:17","date_gmt":"2015-08-06T15:01:17","guid":{"rendered":"http:\/\/tc-hussenhofen.de\/?page_id=79"},"modified":"2023-06-15T12:07:34","modified_gmt":"2023-06-15T12:07:34","slug":"unser-verein","status":"publish","type":"page","link":"https:\/\/tc-hussenhofen.de\/","title":{"rendered":"Unser Verein"},"content":{"rendered":"<p>Unser Verein liegt im Stadtteil von Schw\u00e4bisch Gm\u00fcnd und\u00a0fasst neben einem gem\u00fctlichen Clubheim auch 5 Tennispl\u00e4tze, ein Kleinfeld und eine Ballwand.<\/p>\n<div data-carousel-extra='{\"blog_id\":1,\"permalink\":\"https:\\\/\\\/tc-hussenhofen.de\\\/\",\"likes_blog_id\":false}' id='gallery-1' class='gallery galleryid-79 gallery-columns-5 gallery-size-thumbnail'><dl class='gallery-item'>\n\t\t\t<dt class='gallery-icon landscape'>\n\t\t\t\t<a href='https:\/\/tc-hussenhofen.de\/wp-content\/uploads\/2015\/08\/DSC_0870_web.jpg'><img width=\"150\" height=\"150\" src=\"https:\/\/tc-hussenhofen.de\/wp-content\/uploads\/2015\/08\/DSC_0870_web-150x150.jpg\" class=\"attachment-thumbnail size-thumbnail\" alt=\"\" loading=\"lazy\" srcset=\"https:\/\/tc-hussenhofen.de\/wp-content\/uploads\/2015\/08\/DSC_0870_web-150x150.jpg 150w, https:\/\/tc-hussenhofen.de\/wp-content\/uploads\/2015\/08\/DSC_0870_web-90x90.jpg 90w\" sizes=\"(max-width: 150px) 100vw, 150px\" data-attachment-id=\"215\" data-orig-file=\"https:\/\/tc-hussenhofen.de\/wp-content\/uploads\/2015\/08\/DSC_0870_web.jpg\" data-orig-size=\"2835,1890\" data-comments-opened=\"0\" data-image-meta=\"{&quot;aperture&quot;:&quot;0&quot;,&quot;credit&quot;:&quot;&quot;,&quot;camera&quot;:&quot;&quot;,&quot;caption&quot;:&quot;&quot;,&quot;created_timestamp&quot;:&quot;0&quot;,&quot;copyright&quot;:&quot;&quot;,&quot;focal_length&quot;:&quot;0&quot;,&quot;iso&quot;:&quot;0&quot;,&quot;shutter_speed&quot;:&quot;0&quot;,&quot;title&quot;:&quot;&quot;,&quot;orientation&quot;:&quot;0&quot;}\" data-image-title=\"DSC_0870_web\" data-image-description=\"\" data-medium-file=\"https:\/\/tc-hussenhofen.de\/wp-content\/uploads\/2015\/08\/DSC_0870_web-300x200.jpg\" data-large-file=\"https:\/\/tc-hussenhofen.de\/wp-content\/uploads\/2015\/08\/DSC_0870_web-1024x683.jpg\" \/><\/a>\n\t\t\t<\/dt><\/dl><dl class='gallery-item'>\n\t\t\t<dt class='gallery-icon landscape'>\n\t\t\t\t<a href='https:\/\/tc-hussenhofen.de\/wp-content\/uploads\/2015\/08\/DSC_0873_web.jpg'><img width=\"150\" height=\"150\" src=\"https:\/\/tc-hussenhofen.de\/wp-content\/uploads\/2015\/08\/DSC_0873_web-150x150.jpg\" class=\"attachment-thumbnail size-thumbnail\" alt=\"\" loading=\"lazy\" srcset=\"https:\/\/tc-hussenhofen.de\/wp-content\/uploads\/2015\/08\/DSC_0873_web-150x150.jpg 150w, https:\/\/tc-hussenhofen.de\/wp-content\/uploads\/2015\/08\/DSC_0873_web-90x90.jpg 90w\" sizes=\"(max-width: 150px) 100vw, 150px\" data-attachment-id=\"216\" data-orig-file=\"https:\/\/tc-hussenhofen.de\/wp-content\/uploads\/2015\/08\/DSC_0873_web.jpg\" data-orig-size=\"2835,1890\" data-comments-opened=\"0\" data-image-meta=\"{&quot;aperture&quot;:&quot;0&quot;,&quot;credit&quot;:&quot;&quot;,&quot;camera&quot;:&quot;&quot;,&quot;caption&quot;:&quot;&quot;,&quot;created_timestamp&quot;:&quot;0&quot;,&quot;copyright&quot;:&quot;&quot;,&quot;focal_length&quot;:&quot;0&quot;,&quot;iso&quot;:&quot;0&quot;,&quot;shutter_speed&quot;:&quot;0&quot;,&quot;title&quot;:&quot;&quot;,&quot;orientation&quot;:&quot;0&quot;}\" data-image-title=\"DSC_0873_web\" data-image-description=\"\" data-medium-file=\"https:\/\/tc-hussenhofen.de\/wp-content\/uploads\/2015\/08\/DSC_0873_web-300x200.jpg\" data-large-file=\"https:\/\/tc-hussenhofen.de\/wp-content\/uploads\/2015\/08\/DSC_0873_web-1024x683.jpg\" \/><\/a>\n\t\t\t<\/dt><\/dl><dl class='gallery-item'>\n\t\t\t<dt class='gallery-icon landscape'>\n\t\t\t\t<a href='https:\/\/tc-hussenhofen.de\/wp-content\/uploads\/2015\/08\/P4250003_web.jpg'><img width=\"150\" height=\"150\" src=\"https:\/\/tc-hussenhofen.de\/wp-content\/uploads\/2015\/08\/P4250003_web-150x150.jpg\" class=\"attachment-thumbnail size-thumbnail\" alt=\"\" loading=\"lazy\" srcset=\"https:\/\/tc-hussenhofen.de\/wp-content\/uploads\/2015\/08\/P4250003_web-150x150.jpg 150w, https:\/\/tc-hussenhofen.de\/wp-content\/uploads\/2015\/08\/P4250003_web-90x90.jpg 90w\" sizes=\"(max-width: 150px) 100vw, 150px\" data-attachment-id=\"211\" data-orig-file=\"https:\/\/tc-hussenhofen.de\/wp-content\/uploads\/2015\/08\/P4250003_web.jpg\" data-orig-size=\"2048,1536\" data-comments-opened=\"0\" data-image-meta=\"{&quot;aperture&quot;:&quot;0&quot;,&quot;credit&quot;:&quot;&quot;,&quot;camera&quot;:&quot;&quot;,&quot;caption&quot;:&quot;&quot;,&quot;created_timestamp&quot;:&quot;0&quot;,&quot;copyright&quot;:&quot;&quot;,&quot;focal_length&quot;:&quot;0&quot;,&quot;iso&quot;:&quot;0&quot;,&quot;shutter_speed&quot;:&quot;0&quot;,&quot;title&quot;:&quot;&quot;,&quot;orientation&quot;:&quot;0&quot;}\" data-image-title=\"P4250003_web\" data-image-description=\"\" data-medium-file=\"https:\/\/tc-hussenhofen.de\/wp-content\/uploads\/2015\/08\/P4250003_web-300x225.jpg\" data-large-file=\"https:\/\/tc-hussenhofen.de\/wp-content\/uploads\/2015\/08\/P4250003_web-1024x768.jpg\" \/><\/a>\n\t\t\t<\/dt><\/dl><dl class='gallery-item'>\n\t\t\t<dt class='gallery-icon landscape'>\n\t\t\t\t<a href='https:\/\/tc-hussenhofen.de\/wp-content\/uploads\/2015\/08\/P4250024_web.jpg'><img width=\"150\" height=\"150\" src=\"https:\/\/tc-hussenhofen.de\/wp-content\/uploads\/2015\/08\/P4250024_web-150x150.jpg\" class=\"attachment-thumbnail size-thumbnail\" alt=\"\" loading=\"lazy\" srcset=\"https:\/\/tc-hussenhofen.de\/wp-content\/uploads\/2015\/08\/P4250024_web-150x150.jpg 150w, https:\/\/tc-hussenhofen.de\/wp-content\/uploads\/2015\/08\/P4250024_web-90x90.jpg 90w\" sizes=\"(max-width: 150px) 100vw, 150px\" data-attachment-id=\"213\" data-orig-file=\"https:\/\/tc-hussenhofen.de\/wp-content\/uploads\/2015\/08\/P4250024_web.jpg\" data-orig-size=\"2048,1536\" data-comments-opened=\"0\" data-image-meta=\"{&quot;aperture&quot;:&quot;0&quot;,&quot;credit&quot;:&quot;&quot;,&quot;camera&quot;:&quot;&quot;,&quot;caption&quot;:&quot;&quot;,&quot;created_timestamp&quot;:&quot;0&quot;,&quot;copyright&quot;:&quot;&quot;,&quot;focal_length&quot;:&quot;0&quot;,&quot;iso&quot;:&quot;0&quot;,&quot;shutter_speed&quot;:&quot;0&quot;,&quot;title&quot;:&quot;&quot;,&quot;orientation&quot;:&quot;0&quot;}\" data-image-title=\"P4250024_web\" data-image-description=\"\" data-medium-file=\"https:\/\/tc-hussenhofen.de\/wp-content\/uploads\/2015\/08\/P4250024_web-300x225.jpg\" data-large-file=\"https:\/\/tc-hussenhofen.de\/wp-content\/uploads\/2015\/08\/P4250024_web-1024x768.jpg\" \/><\/a>\n\t\t\t<\/dt><\/dl><dl class='gallery-item'>\n\t\t\t<dt class='gallery-icon landscape'>\n\t\t\t\t<a href='https:\/\/tc-hussenhofen.de\/wp-content\/uploads\/2015\/08\/P4250008_web.jpg'><img width=\"150\" height=\"150\" src=\"https:\/\/tc-hussenhofen.de\/wp-content\/uploads\/2015\/08\/P4250008_web-150x150.jpg\" class=\"attachment-thumbnail size-thumbnail\" alt=\"\" loading=\"lazy\" srcset=\"https:\/\/tc-hussenhofen.de\/wp-content\/uploads\/2015\/08\/P4250008_web-150x150.jpg 150w, https:\/\/tc-hussenhofen.de\/wp-content\/uploads\/2015\/08\/P4250008_web-90x90.jpg 90w\" sizes=\"(max-width: 150px) 100vw, 150px\" data-attachment-id=\"212\" data-orig-file=\"https:\/\/tc-hussenhofen.de\/wp-content\/uploads\/2015\/08\/P4250008_web.jpg\" data-orig-size=\"2048,1536\" data-comments-opened=\"0\" data-image-meta=\"{&quot;aperture&quot;:&quot;0&quot;,&quot;credit&quot;:&quot;&quot;,&quot;camera&quot;:&quot;&quot;,&quot;caption&quot;:&quot;&quot;,&quot;created_timestamp&quot;:&quot;0&quot;,&quot;copyright&quot;:&quot;&quot;,&quot;focal_length&quot;:&quot;0&quot;,&quot;iso&quot;:&quot;0&quot;,&quot;shutter_speed&quot;:&quot;0&quot;,&quot;title&quot;:&quot;&quot;,&quot;orientation&quot;:&quot;0&quot;}\" data-image-title=\"P4250008_web\" data-image-description=\"\" data-medium-file=\"https:\/\/tc-hussenhofen.de\/wp-content\/uploads\/2015\/08\/P4250008_web-300x225.jpg\" data-large-file=\"https:\/\/tc-hussenhofen.de\/wp-content\/uploads\/2015\/08\/P4250008_web-1024x768.jpg\" \/><\/a>\n\t\t\t<\/dt><\/dl><br style=\"clear: both\" \/>\n\t\t<\/div>\n\n<p>Mit knapp 200\u00a0Mitgliedern organisieren\u00a0wir\u00a0neben vielerlei\u00a0Tennis-Events auch\u00a0unser beliebtes K\u00fcrbisfest und \u00f6ffnen im Sommer jeden Dienstag und Donnerstag unser Clubheim f\u00fcr Spieler und G\u00e4ste.\u00a0Au\u00dferdem organisieren wir im Fr\u00fchjahr wieder Schnupper-Tennisstunden f\u00fcr Gro\u00df und Klein.<\/p>\n<h4><span style=\"color: #f25f70;\">DIE WICHTIGSTEN TERMINE 2022<\/span><\/h4>\n<table style=\"height: 152px;\" border=\"1\" width=\"720\">\n<tbody>\n<tr>\n<td style=\"text-align: left;\">0.05.2023<\/td>\n<td style=\"text-align: left;\">Saisoner\u00f6ffnung<\/td>\n<\/tr>\n<tr>\n<td>26.05.2023<\/td>\n<td>Mixed-Doppel Flutlichtturnier<\/td>\n<\/tr>\n<tr>\n<td>29.07.2023<\/td>\n<td>Finalspiele Herren Vereinsmeisterschaft<\/td>\n<\/tr>\n<tr>\n<td>09.09.2023<\/td>\n<td>Doppelbock-Cup<\/td>\n<\/tr>\n<tr>\n<td style=\"text-align: left;\">24.09. 2023<\/td>\n<td style=\"text-align: left;\">K\u00fcrbisfest<\/td>\n<\/tr>\n<tr>\n<td style=\"text-align: left;\">07.10.2023<\/td>\n<td style=\"text-align: left;\">Saisonabschlussturnier<\/td>\n<\/tr>\n<tr>\n<td style=\"text-align: left;\"><\/td>\n<td style=\"text-align: left;\"><\/td>\n<\/tr>\n<tr>\n<td style=\"text-align: left;\">03.11.2023<\/td>\n<td style=\"text-align: left;\">Saisonabschluss (Krone Zimmern)<\/td>\n<\/tr>\n<tr>\n<td style=\"text-align: left;\"><\/td>\n<td style=\"text-align: left;\"><\/td>\n<\/tr>\n<tr>\n<td style=\"text-align: left;\">05.01.2024<\/td>\n<td style=\"text-align: left;\">Drei-K\u00f6nigs-Turnier (Tennishalle Heubach)<\/td>\n<\/tr>\n<\/tbody>\n<\/table>\n<p><span style=\"color: #f25f70;\"><a href=\"http:\/\/tc-hussenhofen.de\/?page_id=196\">Vorstand<\/a>\u00a0\u2192\u00a0<a href=\"http:\/\/tc-hussenhofen.de\/?page_id=84\"><br \/>\n<\/a><\/span><\/p>\n","protected":false},"excerpt":{"rendered":"<p>Unser Verein liegt im Stadtteil von Schw\u00e4bisch Gm\u00fcnd und\u00a0fasst neben einem gem\u00fctlichen Clubheim auch 5 Tennispl\u00e4tze, ein Kleinfeld und eine Ballwand. Mit knapp 200\u00a0Mitgliedern organisieren\u00a0wir\u00a0neben vielerlei\u00a0Tennis-Events auch\u00a0unser beliebtes K\u00fcrbisfest und \u00f6ffnen im Sommer jeden Dienstag und Donnerstag unser Clubheim f\u00fcr Spieler und G\u00e4ste.\u00a0Au\u00dferdem organisieren wir im Fr\u00fchjahr wieder Schnupper-Tennisstunden f\u00fcr Gro\u00df und Klein. DIE WICHTIGSTEN [&hellip;]<\/p>\n","protected":false},"author":1,"featured_media":83,"parent":0,"menu_order":1,"comment_status":"closed","ping_status":"closed","template":"page-templates\/full-width-page.php","meta":[],"_links":{"self":[{"href":"https:\/\/tc-hussenhofen.de\/index.php?rest_route=\/wp\/v2\/pages\/79"}],"collection":[{"href":"https:\/\/tc-hussenhofen.de\/index.php?rest_route=\/wp\/v2\/pages"}],"about":[{"href":"https:\/\/tc-hussenhofen.de\/index.php?rest_route=\/wp\/v2\/types\/page"}],"author":[{"embeddable":true,"href":"https:\/\/tc-hussenhofen.de\/index.php?rest_route=\/wp\/v2\/users\/1"}],"replies":[{"embeddable":true,"href":"https:\/\/tc-hussenhofen.de\/index.php?rest_route=%2Fwp%2Fv2%2Fcomments&post=79"}],"version-history":[{"count":38,"href":"https:\/\/tc-hussenhofen.de\/index.php?rest_route=\/wp\/v2\/pages\/79\/revisions"}],"predecessor-version":[{"id":723,"href":"https:\/\/tc-hussenhofen.de\/index.php?rest_route=\/wp\/v2\/pages\/79\/revisions\/723"}],"wp:featuredmedia":[{"embeddable":true,"href":"https:\/\/tc-hussenhofen.de\/index.php?rest_route=\/wp\/v2\/media\/83"}],"wp:attachment":[{"href":"https:\/\/tc-hussenhofen.de\/index.php?rest_route=%2Fwp%2Fv2%2Fmedia&parent=79"}],"curies":[{"name":"wp","href":"https:\/\/api.w.org\/{rel}","templated":true}]}}